
-12
Calculate -1 + 0 + -9 + (-14 - (-15 + 13)).
-22
What is 43 + (-15 - (2 - (-9 + 13))) - -11?
41
Evaluate -2 - 52 - (-428 + 401).
-27
What is the value of (8 - (1 - (15 + -57 - 9))) + 5?
-39
Evaluate 33 + -12 + 8 + (-88 - -7).
-52
20 + -24 + -13 + 1 + -1 + 98
81
What is 41 - ((-8 - (-21 - -1) - 2) + (2 - 12))?
41
Calculate (3 - 2) + -22 - (-406 + 411 - (5 + 1)).
-20
-55 - (-8 - ((-9 - 16) + 14) - 6)
-52
(-1 - 0 - -11) + (204 - 208)
6
Calculate -333 + 310 + (9 - (2 - 3)).
-13
82 + 0 + (-11 - (20 + 7) - -32) + -14
62
What is the value of 7 + 19 + (60 - (-1 + 11))?
76
What is the value of 27 - (-27 - 15) - 30?
39
49 + -10 + (-11 - (-14 + 10)) + 4
36
What is the value of (2 - -11) + 3 + 45 + -75?
-14
What is the value of -3 + 56 + 1001 + -1014?
40
Evaluate (6864 - 6900) + (112 - -1) + (1 - -13).
91
Evaluate -13 + -1 - (-30 - (13 + -16 + 96)).
109
Calculate 12 - (-12 - -2 - (18 - 19) - 4).
25
Calculate -24 + 24 - (-8 + 2 + 17).
-11
Calculate 35 + -14 - 10 - (11 + -3 + 19 + -8).
-8
Calculate 43 + 63 + -78 + 19.
47
What is the value of 12 + (39 + -30 - -3) - (-1 - 8)?
33
What is 22 - (44 - 1 - (16 - 1 - 16))?
-22
Evaluate 255 + -261 + (-5 - (-10 - -1)).
-2
Calculate 0 + 39 - ((-3 - (0 + -2)) + 8).
32
What is the value of 11 + (-16 + (27 - 18) - (0 - -6))?
-2
Evaluate 62 + -72 + 56 + -123.
-77
What is the value of 4 + 58 + (-16 - 16) - 30?
0
What is the value of (-69 - (-4 - -22)) + 40?
-47
Calculate -41 - 0 - (1 - (1 - 13 - (77 + -96))).
-35
What is the value of 46 - ((-2 - 3) + (12 - (-9 - -11)))?
41
What is 3 - (78 + -23 + -97)?
45
Evaluate -88 + 75 + -25 + (1 - 2 - 2).
-41
What is -31 + 0 + 33 - (-3 - 4) - (0 - -76)?
-67
-11 + -132 + (1101 - 1070)
-112
(-10 - -28) + 19 + ((1 - 6) + 16 - 4)
44
-60 - (13 + -51 + -3)
-19
Evaluate 51 + -17 + -170 + 5.
-131
48 - (6 - (-5 - -4 - -6) - (65 - 73))
39
What is (139 - 92) + -35 + 54?
66
Evaluate (13 - -14) + -62 + 68.
33
What is the value of (2 - 19 - -4) + 45 + 26 + -39?
19
What is -10 - (14 - 7 - -1) - (-3 - 11)?
-4
What is the value of (-58 - (-25 - -21) - -13) + 24?
-17
What is the value of -465 + 414 + (-2 - (1 - (-1 - 9)))?
-64
What is the value of -95 - (9666 + -9679 - (-6 + -1 + (-2 - 0)))?
-91
Evaluate (1 - 13) + 138 + -138 + -9 + 3 + 10.
-8
What is 52 - (-1 - -39) - 6?
8
(-5 + -84 - -5) + 1 + -513 + 490
-106
What is the value of -13 + (-25 - -19) + (-10 - (1 - -28))?
-58
What is -27 + (27 - 8) + (-15 - -16)?
-7
((2 - 0) + -33 - 2) + 16 + -14 + -9
-40
-85869 + 85971 - (-29 + (-1 - 0))
132
Calculate -134 + 45 + -50 + (19 - (-4 + -3 + 8)).
-121
59 + -67 - (11 + -10 + 68 + -4)
-73
What is the value of 157 - 129 - (-16 + 0) - 3?
41
Calculate -1 - -18 - (-44 - (-13 - 21 - -50)).
77
What is the value of 7 - (4 - (-3 - (14 - (27 + -10))))?
3
Calculate -19 + (-34 - (-18 - (2 + -6)) - -14).
-25
Calculate (86 - 66 - (15 - 1) - 6) + 1.
1
Calculate -558 + 543 + -3 + (-2 - (71 + 3)).
-94
What is the value of (9 - 22 - (8 + -8 + 1)) + -99?
-113
Calculate 1 + (1 + -12 - 4) + (-2942 - -3010).
54
Evaluate 70 + -65 - (1 - ((-4 - 1) + -2)).
-3
Evaluate 126 - ((-74 - -46) + 61).
93
Calculate -7 + -23 - 0 - (-221 - -186).
5
Calculate 2 - -16 - (-3 + 27 + 26 + -128).
96
What is (-14 - -43 - 14) + (-7 - -7) + 7?
22
What is ((-34 - -24 - (5 - 14)) + 11 - 9) + 6?
7
What is the value of 34 - (-53 - -65 - 53) - (1 + 0 - 10)?
84
Calculate 21 - (24 + 11 + 21).
-35
Evaluate 9 + -41 - (24 - (88 + -33)).
-1
What is the value of -8 + (-36 - -102) + -3?
55
What is 22 + 0 + -10 + (3 - 3) + (0 - -6)?
18
-2 + 5 + (-54 + 23 - -39)
11
-1 - -1 - (-3 + 17 + 8 + -15)
-7
What is the value of (-38 + 22 - (5 + -2 + 1)) + 461 + -470?
-29
Evaluate (-88 - 1) + (44 - (113 - 99)).
-59
What is the value of -13 - (-6 - 14 - -9) - -4 - -16?
18
Calculate (-34 - 45) + (82 - 31).
-28
21 + 28 + (4 + -13 - 14)
26
Evaluate -12 - (1 + -52 + 78).
-39
Calculate 17 - (-3 - (9 + -5 - 16)) - -23.
31
Calculate -40 - (-110 + 212 + -14).
-128
Calculate (16 - (78 - 50)) + 6.
-6
Evaluate (41 - 24) + 5 + (-39 - -19).
2
Evaluate 0 - (-1 - -4 - 3) - 16 - (704 + -707).
-13
(21 - 7) + -54 + 7
-33
44 - (-80 + 78 - 31)
77
729 + -714 + 84 + -10 + (1 - -3)
93
Calculate 55 + (4 - -7 - ((3 - 4) + 3)) + -1.
63
Evaluate -23 - (-107 + 42 - -19).
23
Calculate -15 + 10 + (-6 - -8) + -12 + 7 - 74.
-82
What is -9 + (7 - 10) - ((53 - 1) + (100 - 108))?
-56
What is (10 - -6) + 70 + -87 - (32 - 1)?
-32
What is -3 + (-3 + -7 - (-2 + (6 - -9 - 8)))?
-18
Evaluate 843 - 844 - (-4 + 0 + 18).
-15
What is the value of (-6 - (-1 + -37)) + (-4 - -9) - (7 - 2)?
32
-61 + (-224 - -255 - (10 + 0))
-40
21 + -47 + (-18 - 2) - (1 - -5)
-52
-73 - (-9 + -74 + 71)
-61
(-41 - (-48 + 13)) + -1 + 6 - -12
11
What is the value of -98 - (-33 + (7 - 42))?
-30
Evaluate -153 + -28 + -9 + 43 - (-16 - (0 + -5)).
-136
Evaluate -285 + 303 - (2 + (-4 - -1)).
19
What is the value of 20 + 2 + (-8 - -11) + -4?
21
Calculate -53 - (-102 + 127) - -51.
-27
-48 + 42 + 6 + -20
-20
Calculate 10 - (18 + -30 + 32 + 3 + -6 + 0).
-7
-2 + 24 + -2 - (-10412 - -10314)
118
Calculate 16 + -24 + 54 - 33.
13
Evaluate (-5 - -46) + (113 - 116) + -25.
13
What is (-1 + 47 - -2) + (354 + -342 - (-1 - -8))?
53
(-98 - -156) + (14 - 7)
65
Calculate -91 - 18 - (-146 - 77).
114
(-1613 - -1502) + (32 - -4 - 5)
-80
Evaluate 62 - ((-1 - 0 - (69 - 78)) + 4).
50
Calculate (24 - 13) + (34 - 4).
41
-78 + (-17 - (-110 - -79))
-64
33 + 116 - 67 - (9 + (-2 + 0 - -1))
74
What is (10 - 7) + 5 + 3 + (-68 - 5) - -12?
-50
-158 - (-61 - -43) - -49
-91
Calculate 49 - (-15 - -26) - 14 - -12.
36
What is -11 - (-11 + -9) - -20 - -37?
66
-40 + -10 + 38 + 47
35
29 - (6 - ((-3 - -16) + -16))
20
What is (83 + -64 - (14 + -2 + 1)) + 0 + 25?
31
What is the value of (-4 - 0) + (-17 - 3 - (-50 - 7)) + 6?
39
Evaluate -1 - (-6 - -104) - -108.
9
Calculate 26 + -12 + (21 - 11) + -23 - (1 - 10).
10
Calculate -10 + (26 - (-608 + 589 + (0 - -9))).
26
Calculate 12 - (72 - (-45 + 55)).
-50
Calculate -45 - (1 + (-28 - -19)).
-37
What is (-127 + 21 - 1) + (4 - -2 - 4 - -9)?
-96
What is the value of 28 - (35 - 24) - 35?
-18
Calculate 1 + (29 - (-25 + 56)).
-1
What is -13 - (2 + -2 - -11) - (15 - (19 - -2))?
-18
-9 + (49 + -76 - (2 + 12))
-50
What is 16 + 2 + -23 + -29?
-34
Calculate 494 + -530 - (-1 + 1 + -56).
20
Evaluate -12 + 0 - (-24 - (106 - 83)).
35
Evaluate 1 + -40 - (-62 + 85 - 168).
106
What is 1 + -1 + 131 + -113?
18
What is the value of (47 - 45) + (1 - 3 - -3) + 96 + -9?
90
What is -31 - ((-90 - -89) + 1 + -7)?
-24
-24 + 25 + -5 + 16 - -14
26
(-10 - 50 - -47) + 17
4
Calculate 99 - (-96 + 119) - 27.
49
Calculate 8 + (4 - -4 - (-68 + 71)).
13
Evaluate 12 - (-111 + 45 + (-8 - -11) + (-3 - 3)).
81
-2 - (-22 + (-8 - -5)) - (206 - 209)
26
Evaluate (-29 + (13 - -33) - (1 + 77)) + -1.
-62
Calculate 34 - ((-17 - 31) + 100).
-18
Calculate (120 + -118 - 11) + 35 + 0.
26
Calculate (-18 - (-19 - -11)) + -8.
-18
Evaluate -10 + (17 - (14 - 4)) - (44 - 12).
-35
What is 133 - (-11 + -2 + -7) - 42?
111
Evaluate 29 + 2 - (-9 + -11 + 23 + -3 + -9).
40
Calculate (-1248 - -1206) + (5 - 0).
-37
What is the value of -47 + (426 - 433) + 37 + 1?
-16
Calculate 249 - 246 - (-1 + 93 + (19 + -5 - 11)).
-92
What is 3 + -67 + (988 - 955)?
-31
What is the value of 144 - 103 - 173 - -136?
4
Evaluate -136 - (-4 + 1) - (130 + -150 - (-6 - 3)).
-122
(3 - (-94 - -52)) + -73
-28
What is the value of (-11 - (-16 - -13)) + 13 + 0?
5
What is the value of 17978 + -17995 + 3 + -2 + -2?
-18
What is 1 + (0 - -9) - (18 + -50 - (-11 + -70))?
-39
Calculate -1 + -75 + -57 + 136 + -68.
-65
What is 25 + (21 - -25) + -48?
23
31 + (1789 - 1768) + (-27 - -2) + 2
29
Evaluate 47 + (-1510 - -1546 - (29 + 1)).
53
Calculate (17 - (2 + 4 - 12)) + (-18 - -20) + -4.
21
What is 2 - 1 - -34 - (2568 - 2592)?
59
Evaluate -50 - (-3 + 40 - 47).
-40
Calculate -19 - (1 + 0) - (-32 + 52).
-40
-25 + 1 - (1049 - 1030) - (1 - -1)
-45
What is 573 - 508 - (71 + -10)?
4
What is the value of 13 + (-10 - (9 - 14)) + -5 - (-2 + -3)?
8
-2 + 74 + (5485 - 5567)
-10
Calculate 336 + -457 - (-101 - -16).
-36
What is 2 - -9 - (-20 + -3 + 17 + -2 + 70)?
-51
What is (24 - 12) + 14 + -34?
-8
What is the value of (-11 - -6) + 115 + (-18 - (-9 - (4 - 0)))?
105
Evaluate 3 + -7 + -267 + 297.
26
What is (-7 - (-2 - -8) - (35 - 39)) + 15?
6
Calculate -58 + (-6 - -8)